{"id":7,"date":"2026-02-07T19:03:34","date_gmt":"2026-02-07T18:03:34","guid":{"rendered":"http:\/\/glampczady.dfirma.pl\/?page_id=7"},"modified":"2026-02-11T22:59:27","modified_gmt":"2026-02-11T21:59:27","slug":"strona-glowna","status":"publish","type":"page","link":"https:\/\/glampczady.dfirma.pl\/","title":{"rendered":"Strona g\u0142\u00f3wna"},"content":{"rendered":"\n<div class=\"wp-block-cover alignfull has-parallax is-repeated\" style=\"min-height:598px;aspect-ratio:unset;\"><div class=\"wp-block-cover__image-background wp-image-79 size-full has-parallax is-repeated\" style=\"background-position:50% 50%;background-image:url(http:\/\/glampczady.dfirma.pl\/wp-content\/uploads\/2026\/02\/\u0437\u0430\u0432\u0430\u043d\u0442\u0430\u0436\u0435\u043d\u043d\u044f-32-1.jpg)\"><\/div><span aria-hidden=\"true\" class=\"wp-block-cover__background has-background-dim\" style=\"background-color:#716352\"><\/span><div class=\"wp-block-cover__inner-container has-global-padding is-layout-constrained wp-container-core-cover-is-layout-1629ea14 wp-block-cover-is-layout-constrained\">\n<p class=\"has-text-align-center has-base-color has-text-color has-link-color wp-elements-ac4c2ea2112872d41cd56d386eeb171e\" style=\"font-size:clamp(1.837rem, 1.837rem + ((1vw - 0.2rem) * 2.272), 3.2rem);\"><strong>LUKSUSOWY GLAMPING W SERCU BIESZCZAD<\/strong><\/p>\n<\/div><\/div>\n\n\n\n<div class=\"wp-block-group alignfull has-heading-font-family has-global-padding is-layout-constrained wp-container-core-group-is-layout-6f98f0b2 wp-block-group-is-layout-constrained\" style=\"padding-top:var(--wp--preset--spacing--50);padding-right:var(--wp--preset--spacing--50);padding-bottom:var(--wp--preset--spacing--50);padding-left:var(--wp--preset--spacing--50)\">\n<div class=\"wp-block-group has-global-padding is-layout-constrained wp-container-core-group-is-layout-cff77d8d wp-block-group-is-layout-constrained\">\n<h1 class=\"wp-block-heading alignwide has-text-align-center has-xx-large-font-size\" style=\"text-transform:uppercase\">Zwolnij. Oddychaj. Odpocznij naprawd\u0119.<\/h1>\n\n\n\n<div style=\"height:1.25rem\" aria-hidden=\"true\" class=\"wp-block-spacer\"><\/div>\n\n\n\n<p class=\"has-large-font-size\">GlampCzady to kameralny glamping po\u0142o\u017cony w jednym z najbardziej spokojnych zak\u0105tk\u00f3w Bieszczad. Stworzyli\u015bmy to miejsce z my\u015bl\u0105 o osobach, kt\u00f3re chc\u0105 uciec od codziennego po\u015bpiechu, ha\u0142asu i nadmiaru bod\u017ac\u00f3w \u2014 bez rezygnowania z komfortu.<\/p>\n\n\n\n<p class=\"has-large-font-size\">To przestrze\u0144, w kt\u00f3rej poranki zaczynaj\u0105 si\u0119 od \u015bpiewu ptak\u00f3w, a nie d\u017awi\u0119ku powiadomie\u0144. Gdzie wieczorem mo\u017cna usi\u0105\u015b\u0107 na tarasie z kubkiem herbaty i patrze\u0107, jak s\u0142o\u0144ce powoli chowa si\u0119 za lini\u0105 drzew. Tutaj nie trzeba si\u0119 spieszy\u0107. Nie trzeba mie\u0107 planu. Wystarczy by\u0107. Tutaj natura jest na wyci\u0105gni\u0119cie r\u0119ki, a cisza staje si\u0119 cz\u0119\u015bci\u0105 wypoczynku.<\/p>\n\n\n\n<p><\/p>\n\n\n\n<div style=\"height:1.25rem\" aria-hidden=\"true\" class=\"wp-block-spacer\"><\/div>\n\n\n\n<div class=\"wp-block-buttons is-content-justification-center is-layout-flex wp-container-core-buttons-is-layout-a89b3969 wp-block-buttons-is-layout-flex\">\n<div class=\"wp-block-button\"><a class=\"wp-block-button__link wp-element-button\" href=\"https:\/\/glampczady.dfirma.pl\/index.php\/o-nas\/\">O NAS<\/a><\/div>\n<\/div>\n<\/div>\n\n\n\n<div style=\"height:var(--wp--preset--spacing--30)\" aria-hidden=\"true\" class=\"wp-block-spacer\"><\/div>\n\n\n\n<figure class=\"wp-block-image alignwide size-full is-style-rounded is-style-rounded--1\"><img loading=\"lazy\" decoding=\"async\" width=\"1280\" height=\"853\" src=\"https:\/\/glampczady.dfirma.pl\/wp-content\/uploads\/2026\/02\/photo_5215214638637718504_y.jpg\" alt=\"\" class=\"wp-image-117\" srcset=\"https:\/\/glampczady.dfirma.pl\/wp-content\/uploads\/2026\/02\/photo_5215214638637718504_y.jpg 1280w, https:\/\/glampczady.dfirma.pl\/wp-content\/uploads\/2026\/02\/photo_5215214638637718504_y-300x200.jpg 300w, https:\/\/glampczady.dfirma.pl\/wp-content\/uploads\/2026\/02\/photo_5215214638637718504_y-1024x682.jpg 1024w, https:\/\/glampczady.dfirma.pl\/wp-content\/uploads\/2026\/02\/photo_5215214638637718504_y-768x512.jpg 768w\" sizes=\"auto, (max-width: 1280px) 100vw, 1280px\" \/><\/figure>\n<\/div>\n\n\n\n<div class=\"wp-block-group alignfull has-heading-font-family has-global-padding is-layout-constrained wp-container-core-group-is-layout-658087d1 wp-block-group-is-layout-constrained\" style=\"padding-top:var(--wp--preset--spacing--50);padding-right:var(--wp--preset--spacing--50);padding-bottom:var(--wp--preset--spacing--50);padding-left:var(--wp--preset--spacing--50)\">\n<div class=\"wp-block-group has-global-padding is-layout-constrained wp-container-core-group-is-layout-cff77d8d wp-block-group-is-layout-constrained\">\n<h1 class=\"wp-block-heading alignwide has-text-align-center has-xx-large-font-size\">LUKSUSOWE NAMIOTY<\/h1>\n\n\n\n<div style=\"height:1.25rem\" aria-hidden=\"true\" class=\"wp-block-spacer\"><\/div>\n\n\n\n<p class=\"has-large-font-size\">Nasze luksusowe namioty zosta\u0142y zaprojektowane tak, aby \u0142\u0105czy\u0107 blisko\u015b\u0107 natury z wygod\u0105 na wysokim poziomie. Naturalne materia\u0142y, stonowana estetyka i dba\u0142o\u015b\u0107 o detale tworz\u0105 atmosfer\u0119 sprzyjaj\u0105c\u0105 wyciszeniu. Chcieli\u015bmy, aby ka\u017cdy element \u2014 od wygodnego \u0142\u00f3\u017cka po prywatn\u0105 przestrze\u0144 wok\u00f3\u0142 namiotu \u2014 dawa\u0142 poczucie swobody i bezpiecze\u0144stwa.<\/p>\n\n\n\n<p><\/p>\n\n\n\n<div style=\"height:1.25rem\" aria-hidden=\"true\" class=\"wp-block-spacer\"><\/div>\n\n\n\n<div class=\"wp-block-buttons is-content-justification-center is-layout-flex wp-container-core-buttons-is-layout-a89b3969 wp-block-buttons-is-layout-flex\">\n<div class=\"wp-block-button\"><a class=\"wp-block-button__link wp-element-button\" href=\"https:\/\/glampczady.dfirma.pl\/index.php\/oferta\/\">OFERTA<\/a><\/div>\n<\/div>\n<\/div>\n\n\n\n<div style=\"height:var(--wp--preset--spacing--30)\" aria-hidden=\"true\" class=\"wp-block-spacer\"><\/div>\n\n\n\n<figure class=\"wp-block-image alignwide size-full is-style-rounded is-style-rounded--2\"><img loading=\"lazy\" decoding=\"async\" width=\"1280\" height=\"853\" src=\"http:\/\/glampczady.dfirma.pl\/wp-content\/uploads\/2026\/02\/photo_5211217402769643125_y.jpg\" alt=\"\" class=\"wp-image-59\" srcset=\"https:\/\/glampczady.dfirma.pl\/wp-content\/uploads\/2026\/02\/photo_5211217402769643125_y.jpg 1280w, https:\/\/glampczady.dfirma.pl\/wp-content\/uploads\/2026\/02\/photo_5211217402769643125_y-300x200.jpg 300w, https:\/\/glampczady.dfirma.pl\/wp-content\/uploads\/2026\/02\/photo_5211217402769643125_y-1024x682.jpg 1024w, https:\/\/glampczady.dfirma.pl\/wp-content\/uploads\/2026\/02\/photo_5211217402769643125_y-768x512.jpg 768w\" sizes=\"auto, (max-width: 1280px) 100vw, 1280px\" \/><\/figure>\n<\/div>\n\n\n\n<div class=\"wp-block-group alignfull has-heading-font-family has-global-padding is-layout-constrained wp-container-core-group-is-layout-658087d1 wp-block-group-is-layout-constrained\" style=\"padding-top:var(--wp--preset--spacing--50);padding-right:var(--wp--preset--spacing--50);padding-bottom:var(--wp--preset--spacing--50);padding-left:var(--wp--preset--spacing--50)\">\n<div class=\"wp-block-group has-global-padding is-layout-constrained wp-container-core-group-is-layout-cff77d8d wp-block-group-is-layout-constrained\">\n<h1 class=\"wp-block-heading alignwide has-text-align-center has-xx-large-font-size\" style=\"text-transform:uppercase\">Dlaczego Bieszczady?<\/h1>\n\n\n\n<div style=\"height:1.25rem\" aria-hidden=\"true\" class=\"wp-block-spacer\"><\/div>\n\n\n\n<p class=\"has-large-font-size\">Bo s\u0105 inne.<\/p>\n\n\n\n<p class=\"has-large-font-size\">Bieszczady to jedno z niewielu miejsc w Polsce, gdzie cisza wci\u0105\u017c jest czym\u015b naturalnym, a nie luksusem. Tutaj przestrze\u0144 naprawd\u0119 daje oddech, a krajobraz nie jest t\u0142em \u2014 jest cz\u0119\u015bci\u0105 do\u015bwiadczenia.<\/p>\n\n\n\n<p class=\"has-large-font-size\">To region, w kt\u00f3rym czas p\u0142ynie wolniej. Poranki s\u0105 ch\u0142odne i \u015bwie\u017ce, powietrze pachnie lasem, a wieczory ko\u0144cz\u0105 si\u0119 pod rozgwie\u017cd\u017conym niebem. Z dala od du\u017cych miast, centr\u00f3w handlowych i nieustannego po\u015bpiechu, \u0142atwiej wr\u00f3ci\u0107 do prostoty.<\/p>\n\n\n\n<p class=\"has-large-font-size\">Bieszczady ucz\u0105 uwa\u017cno\u015bci.<br>Ucz\u0105, \u017ce nie trzeba wiele, by poczu\u0107 spok\u00f3j.<br>Wystarczy widok po\u0142onin, szum drzew i przestrze\u0144, w kt\u00f3rej mo\u017cna by\u0107 sob\u0105.<\/p>\n\n\n\n<p class=\"has-large-font-size\">To w\u0142a\u015bnie dlatego wybrali\u015bmy Bieszczady.<br>Bo wierzymy, \u017ce prawdziwy odpoczynek zaczyna si\u0119 tam, gdzie ko\u0144czy si\u0119 zgie\u0142k.<\/p>\n\n\n\n<div style=\"height:1.25rem\" aria-hidden=\"true\" class=\"wp-block-spacer\"><\/div>\n<\/div>\n\n\n\n<div style=\"height:var(--wp--preset--spacing--30)\" aria-hidden=\"true\" class=\"wp-block-spacer\"><\/div>\n\n\n\n<figure class=\"wp-block-image alignwide size-full is-style-rounded is-style-rounded--3\"><img loading=\"lazy\" decoding=\"async\" width=\"1280\" height=\"853\" src=\"https:\/\/glampczady.dfirma.pl\/wp-content\/uploads\/2026\/02\/photo_5215214638637717299_y.jpg\" alt=\"\" class=\"wp-image-107\" srcset=\"https:\/\/glampczady.dfirma.pl\/wp-content\/uploads\/2026\/02\/photo_5215214638637717299_y.jpg 1280w, https:\/\/glampczady.dfirma.pl\/wp-content\/uploads\/2026\/02\/photo_5215214638637717299_y-300x200.jpg 300w, https:\/\/glampczady.dfirma.pl\/wp-content\/uploads\/2026\/02\/photo_5215214638637717299_y-1024x682.jpg 1024w, https:\/\/glampczady.dfirma.pl\/wp-content\/uploads\/2026\/02\/photo_5215214638637717299_y-768x512.jpg 768w\" sizes=\"auto, (max-width: 1280px) 100vw, 1280px\" \/><\/figure>\n<\/div>\n","protected":false},"excerpt":{"rendered":"<p>Zwolnij. Oddychaj. Odpocznij naprawd\u0119. GlampCzady to kameralny glamping po\u0142o\u017cony w jednym z najbardziej spokojnych zak\u0105tk\u00f3w Bieszczad. Stworzyli\u015bmy to miejsce z my\u015bl\u0105 o osobach, kt\u00f3re chc\u0105 uciec od codziennego po\u015bpiechu, ha\u0142asu i nadmiaru bod\u017ac\u00f3w \u2014 bez rezygnowania z komfortu. To przestrze\u0144, w kt\u00f3rej poranki zaczynaj\u0105 si\u0119 od \u015bpiewu ptak\u00f3w, a nie d\u017awi\u0119ku powiadomie\u0144. Gdzie wieczorem mo\u017cna [&hellip;]<\/p>\n","protected":false},"author":1,"featured_media":0,"parent":0,"menu_order":0,"comment_status":"closed","ping_status":"closed","template":"page-no-title","meta":{"footnotes":""},"class_list":["post-7","page","type-page","status-publish","hentry"],"_links":{"self":[{"href":"https:\/\/glampczady.dfirma.pl\/index.php\/wp-json\/wp\/v2\/pages\/7","targetHints":{"allow":["GET"]}}],"collection":[{"href":"https:\/\/glampczady.dfirma.pl\/index.php\/wp-json\/wp\/v2\/pages"}],"about":[{"href":"https:\/\/glampczady.dfirma.pl\/index.php\/wp-json\/wp\/v2\/types\/page"}],"author":[{"embeddable":true,"href":"https:\/\/glampczady.dfirma.pl\/index.php\/wp-json\/wp\/v2\/users\/1"}],"replies":[{"embeddable":true,"href":"https:\/\/glampczady.dfirma.pl\/index.php\/wp-json\/wp\/v2\/comments?post=7"}],"version-history":[{"count":12,"href":"https:\/\/glampczady.dfirma.pl\/index.php\/wp-json\/wp\/v2\/pages\/7\/revisions"}],"predecessor-version":[{"id":149,"href":"https:\/\/glampczady.dfirma.pl\/index.php\/wp-json\/wp\/v2\/pages\/7\/revisions\/149"}],"wp:attachment":[{"href":"https:\/\/glampczady.dfirma.pl\/index.php\/wp-json\/wp\/v2\/media?parent=7"}],"curies":[{"name":"wp","href":"https:\/\/api.w.org\/{rel}","templated":true}]}}